{"id":605,"date":"2019-10-03T01:59:08","date_gmt":"2019-10-02T23:59:08","guid":{"rendered":"http:\/\/chateaupinay.fr\/?page_id=605"},"modified":"2019-10-31T00:16:57","modified_gmt":"2019-10-30T23:16:57","slug":"actualite","status":"publish","type":"page","link":"https:\/\/cifil.fr\/index.php\/actualite\/","title":{"rendered":"Actualit\u00e9s"},"content":{"rendered":"<div class=\"flex_column av_one_full  flex_column_div av-zero-column-padding first  avia-builder-el-0  el_before_av_blog  avia-builder-el-first  \" style='border-radius:0px; '><\/div>\n<div  data-autoplay=''  data-interval='5'  data-animation='fade'  data-show_slide_delay='90'  class='avia-content-slider avia-content-grid-active avia-content-slider1 avia-content-slider-odd  avia-builder-el-1  el_after_av_one_full  avia-builder-el-last   '  itemscope=\"itemscope\" itemtype=\"https:\/\/schema.org\/Blog\" ><div class='avia-content-slider-inner'><div class='slide-entry-wrap'><article class='slide-entry flex_column  post-entry post-entry-1791 slide-entry-overview slide-loop-1 slide-parity-odd  av_one_third first real-thumbnail'  itemscope=\"itemscope\" itemtype=\"https:\/\/schema.org\/BlogPosting\" itemprop=\"blogPost\" ><a href='https:\/\/cifil.fr\/index.php\/2021\/10\/28\/ouverture-prochaine-de-notre-agence-du-forez\/' data-rel='slide-1' class='slide-image' title=''><img width=\"495\" height=\"400\" src=\"https:\/\/cifil.fr\/wp-content\/uploads\/2021\/10\/Campagne-495x400.jpg\" class=\"attachment-portfolio size-portfolio wp-post-image\" alt=\"\" loading=\"lazy\" srcset=\"https:\/\/cifil.fr\/wp-content\/uploads\/2021\/10\/Campagne-495x400.jpg 495w, https:\/\/cifil.fr\/wp-content\/uploads\/2021\/10\/Campagne-845x684.jpg 845w\" sizes=\"(max-width: 495px) 100vw, 495px\" \/><\/a><div class='slide-content'><header class=\"entry-content-header\"><span class=\"blog-categories minor-meta\"><a href=\"https:\/\/cifil.fr\/index.php\/category\/actualites\/\" rel=\"tag\">Actualit\u00e9s<\/a> <\/span><h3 class='slide-entry-title entry-title '  itemprop=\"headline\" ><a href='https:\/\/cifil.fr\/index.php\/2021\/10\/28\/ouverture-prochaine-de-notre-agence-du-forez\/' title='Ouverture prochaine de notre agence du Forez !'>Ouverture prochaine de notre agence du Forez !<\/a><\/h3><span class=\"av-vertical-delimiter\"><\/span><\/header><div class='slide-entry-excerpt entry-content'  itemprop=\"text\" >\nCIFIL est heureux de vous annoncer l'ouverture prochaine de ses nouveau locaux.\n\n\n\nPour compl\u00e9ter les diff\u00e9rentes agences, nous serons en Novembre dans le Forez. En effet, c'est dans la commune de Poncins que des nouveaux bureaux prendront\u2026<\/div><\/div><footer class=\"entry-footer\"><div class='slide-meta'><div class='slide-meta-comments'><a href='https:\/\/cifil.fr\/index.php\/2021\/10\/28\/ouverture-prochaine-de-notre-agence-du-forez\/#comments'>442 Commentaires<\/a><\/div><div class='slide-meta-del'>\/<\/div><time class='slide-meta-time updated'  itemprop=\"datePublished\" datetime=\"2021-10-28T22:32:06+02:00\" >28 octobre 2021<\/time><\/div><\/footer><span class='hidden'>\n\t\t\t<span class='av-structured-data'  itemprop=\"image\" itemscope=\"itemscope\" itemtype=\"https:\/\/schema.org\/ImageObject\"  itemprop='image'>\n\t\t\t\t\t   <span itemprop='url' >https:\/\/cifil.fr\/wp-content\/uploads\/2021\/10\/Campagne.jpg<\/span>\n\t\t\t\t\t   <span itemprop='height' >1812<\/span>\n\t\t\t\t\t   <span itemprop='width' >2222<\/span>\n\t\t\t\t  <\/span><span class='av-structured-data'  itemprop=\"publisher\" itemtype=\"https:\/\/schema.org\/Organization\" itemscope=\"itemscope\" >\n\t\t\t\t<span itemprop='name'>Maxime<\/span>\n\t\t\t\t<span itemprop='logo' itemscope itemtype='https:\/\/schema.org\/ImageObject'>\n\t\t\t\t   <span itemprop='url'>https:\/\/cifil.fr\/wp-content\/uploads\/2020\/09\/Logo-off-CIFIL-min-300x298.png<\/span>\n\t\t\t\t <\/span>\n\t\t\t  <\/span><span class='av-structured-data'  itemprop=\"author\" itemscope=\"itemscope\" itemtype=\"https:\/\/schema.org\/Person\" ><span itemprop='name'>Maxime<\/span><\/span><span class='av-structured-data'  itemprop=\"datePublished\" datetime=\"2021-09-10T00:15:17+02:00\" >2021-10-28 22:32:06<\/span><span class='av-structured-data'  itemprop=\"dateModified\" itemtype=\"https:\/\/schema.org\/dateModified\" >2021-10-28 22:32:17<\/span><span class='av-structured-data'  itemprop=\"mainEntityOfPage\" itemtype=\"https:\/\/schema.org\/mainEntityOfPage\" ><span itemprop='name'>Ouverture prochaine de notre agence du Forez !<\/span><\/span><\/span><\/article><article class='slide-entry flex_column  post-entry post-entry-1783 slide-entry-overview slide-loop-2 slide-parity-even  av_one_third  real-thumbnail'  itemscope=\"itemscope\" itemtype=\"https:\/\/schema.org\/BlogPosting\" itemprop=\"blogPost\" ><a href='https:\/\/cifil.fr\/index.php\/2021\/09\/11\/immobilier-lancien-connait-toujours-une-forte-hausse-des-prix\/' data-rel='slide-1' class='slide-image' title=''><img width=\"495\" height=\"400\" src=\"https:\/\/cifil.fr\/wp-content\/uploads\/2021\/09\/Immobilier-lancien-connai\u0302t-toujours-une-forte-hausse-des-prix-min-495x400.jpg\" class=\"attachment-portfolio size-portfolio wp-post-image\" alt=\"\" loading=\"lazy\" srcset=\"https:\/\/cifil.fr\/wp-content\/uploads\/2021\/09\/Immobilier-lancien-connai\u0302t-toujours-une-forte-hausse-des-prix-min-495x400.jpg 495w, https:\/\/cifil.fr\/wp-content\/uploads\/2021\/09\/Immobilier-lancien-connai\u0302t-toujours-une-forte-hausse-des-prix-min-845x684.jpg 845w\" sizes=\"(max-width: 495px) 100vw, 495px\" \/><\/a><div class='slide-content'><header class=\"entry-content-header\"><span class=\"blog-categories minor-meta\"><a href=\"https:\/\/cifil.fr\/index.php\/category\/actualites\/\" rel=\"tag\">Actualit\u00e9s<\/a> <\/span><h3 class='slide-entry-title entry-title '  itemprop=\"headline\" ><a href='https:\/\/cifil.fr\/index.php\/2021\/09\/11\/immobilier-lancien-connait-toujours-une-forte-hausse-des-prix\/' title='Immobilier : l\u2019ancien conna\u00eet toujours une forte hausse des prix'>Immobilier : l\u2019ancien conna\u00eet toujours une forte hausse des prix<\/a><\/h3><span class=\"av-vertical-delimiter\"><\/span><\/header><div class='slide-entry-excerpt entry-content'  itemprop=\"text\" >\n\n\n\n\n\n\n\n\nL\u2019Insee et les notaires ont publi\u00e9 les derniers chiffres relatifs au prix de l\u2019immobilier. Les prix des logements anciens en France ont continu\u00e9 d\u2019augmenter nettement (+5,9 % sur un an) au cours du deuxi\u00e8me trimestre 2021.\n\n\n\nLe\u2026<\/div><\/div><footer class=\"entry-footer\"><div class='slide-meta'><time class='slide-meta-time updated'  itemprop=\"datePublished\" datetime=\"2021-09-11T14:39:30+02:00\" >11 septembre 2021<\/time><\/div><\/footer><span class='hidden'>\n\t\t\t<span class='av-structured-data'  itemprop=\"image\" itemscope=\"itemscope\" itemtype=\"https:\/\/schema.org\/ImageObject\"  itemprop='image'>\n\t\t\t\t\t   <span itemprop='url' >https:\/\/cifil.fr\/wp-content\/uploads\/2021\/09\/Immobilier-lancien-connai\u0302t-toujours-une-forte-hausse-des-prix-min.jpg<\/span>\n\t\t\t\t\t   <span itemprop='height' >1812<\/span>\n\t\t\t\t\t   <span itemprop='width' >2222<\/span>\n\t\t\t\t  <\/span><span class='av-structured-data'  itemprop=\"publisher\" itemtype=\"https:\/\/schema.org\/Organization\" itemscope=\"itemscope\" >\n\t\t\t\t<span itemprop='name'>Maxime<\/span>\n\t\t\t\t<span itemprop='logo' itemscope itemtype='https:\/\/schema.org\/ImageObject'>\n\t\t\t\t   <span itemprop='url'>https:\/\/cifil.fr\/wp-content\/uploads\/2020\/09\/Logo-off-CIFIL-min-300x298.png<\/span>\n\t\t\t\t <\/span>\n\t\t\t  <\/span><span class='av-structured-data'  itemprop=\"author\" itemscope=\"itemscope\" itemtype=\"https:\/\/schema.org\/Person\" ><span itemprop='name'>Maxime<\/span><\/span><span class='av-structured-data'  itemprop=\"datePublished\" datetime=\"2021-09-10T00:15:17+02:00\" >2021-09-11 14:39:30<\/span><span class='av-structured-data'  itemprop=\"dateModified\" itemtype=\"https:\/\/schema.org\/dateModified\" >2026-02-21 17:32:37<\/span><span class='av-structured-data'  itemprop=\"mainEntityOfPage\" itemtype=\"https:\/\/schema.org\/mainEntityOfPage\" ><span itemprop='name'>Immobilier : l\u2019ancien conna\u00eet toujours une forte hausse des prix<\/span><\/span><\/span><\/article><article class='slide-entry flex_column  post-entry post-entry-1779 slide-entry-overview slide-loop-3 slide-parity-odd  post-entry-last  av_one_third  real-thumbnail'  itemscope=\"itemscope\" itemtype=\"https:\/\/schema.org\/BlogPosting\" itemprop=\"blogPost\" ><a href='https:\/\/cifil.fr\/index.php\/2021\/09\/10\/immobilier-les-prix-augmentent-dans-les-grandes-villes-sauf-a-paris\/' data-rel='slide-1' class='slide-image' title=''><img width=\"495\" height=\"400\" src=\"https:\/\/cifil.fr\/wp-content\/uploads\/2021\/09\/Immobilier-les-prix-augmentent-dans-les-grandes-villes-sauf-a\u0300-Paris-495x400.jpg\" class=\"attachment-portfolio size-portfolio wp-post-image\" alt=\"\" loading=\"lazy\" srcset=\"https:\/\/cifil.fr\/wp-content\/uploads\/2021\/09\/Immobilier-les-prix-augmentent-dans-les-grandes-villes-sauf-a\u0300-Paris-495x400.jpg 495w, https:\/\/cifil.fr\/wp-content\/uploads\/2021\/09\/Immobilier-les-prix-augmentent-dans-les-grandes-villes-sauf-a\u0300-Paris-845x684.jpg 845w\" sizes=\"(max-width: 495px) 100vw, 495px\" \/><\/a><div class='slide-content'><header class=\"entry-content-header\"><span class=\"blog-categories minor-meta\"><a href=\"https:\/\/cifil.fr\/index.php\/category\/actualites\/\" rel=\"tag\">Actualit\u00e9s<\/a> <\/span><h3 class='slide-entry-title entry-title '  itemprop=\"headline\" ><a href='https:\/\/cifil.fr\/index.php\/2021\/09\/10\/immobilier-les-prix-augmentent-dans-les-grandes-villes-sauf-a-paris\/' title='Immobilier : les prix augmentent dans les grandes villes, sauf \u00e0 Paris'>Immobilier : les prix augmentent dans les grandes villes, sauf \u00e0 Paris<\/a><\/h3><span class=\"av-vertical-delimiter\"><\/span><\/header><div class='slide-entry-excerpt entry-content'  itemprop=\"text\" >\n\n\n\n\nLes prix de l'immobilier progressent dans toute la France depuis un an, sauf \u00e0 Paris. Quasiment tous les arrondissements sont touch\u00e9s par la baisse. Les vendeurs doivent aussi davantage n\u00e9gocier le prix de leur bien.&nbsp;\n\n\n\nLes prix\u2026<\/div><\/div><footer class=\"entry-footer\"><div class='slide-meta'><div class='slide-meta-comments'><a href='https:\/\/cifil.fr\/index.php\/2021\/09\/10\/immobilier-les-prix-augmentent-dans-les-grandes-villes-sauf-a-paris\/#comments'>5 Commentaires<\/a><\/div><div class='slide-meta-del'>\/<\/div><time class='slide-meta-time updated'  itemprop=\"datePublished\" datetime=\"2021-09-10T00:15:17+02:00\" >10 septembre 2021<\/time><\/div><\/footer><span class='hidden'>\n\t\t\t<span class='av-structured-data'  itemprop=\"image\" itemscope=\"itemscope\" itemtype=\"https:\/\/schema.org\/ImageObject\"  itemprop='image'>\n\t\t\t\t\t   <span itemprop='url' >https:\/\/cifil.fr\/wp-content\/uploads\/2021\/09\/Immobilier-les-prix-augmentent-dans-les-grandes-villes-sauf-a\u0300-Paris.jpg<\/span>\n\t\t\t\t\t   <span itemprop='height' >1812<\/span>\n\t\t\t\t\t   <span itemprop='width' >2222<\/span>\n\t\t\t\t  <\/span><span class='av-structured-data'  itemprop=\"publisher\" itemtype=\"https:\/\/schema.org\/Organization\" itemscope=\"itemscope\" >\n\t\t\t\t<span itemprop='name'>Maxime<\/span>\n\t\t\t\t<span itemprop='logo' itemscope itemtype='https:\/\/schema.org\/ImageObject'>\n\t\t\t\t   <span itemprop='url'>https:\/\/cifil.fr\/wp-content\/uploads\/2020\/09\/Logo-off-CIFIL-min-300x298.png<\/span>\n\t\t\t\t <\/span>\n\t\t\t  <\/span><span class='av-structured-data'  itemprop=\"author\" itemscope=\"itemscope\" itemtype=\"https:\/\/schema.org\/Person\" ><span itemprop='name'>Maxime<\/span><\/span><span class='av-structured-data'  itemprop=\"datePublished\" datetime=\"2021-09-10T00:15:17+02:00\" >2021-09-10 00:15:17<\/span><span class='av-structured-data'  itemprop=\"dateModified\" itemtype=\"https:\/\/schema.org\/dateModified\" >2021-09-10 00:18:13<\/span><span class='av-structured-data'  itemprop=\"mainEntityOfPage\" itemtype=\"https:\/\/schema.org\/mainEntityOfPage\" ><span itemprop='name'>Immobilier : les prix augmentent dans les grandes villes, sauf \u00e0 Paris<\/span><\/span><\/span><\/article><\/div><\/div><div class='pagination-wrap pagination-slider'><nav class='pagination'><span class='pagination-meta'>Page 1 sur 46<\/span><span class='current'>1<\/span><a href='https:\/\/cifil.fr\/index.php\/wp-json\/wp\/v2\/pages\/605\/page\/2\/' class='inactive next_page' >2<\/a><a href='https:\/\/cifil.fr\/index.php\/wp-json\/wp\/v2\/pages\/605\/page\/3\/' class='inactive' >3<\/a><a href='https:\/\/cifil.fr\/index.php\/wp-json\/wp\/v2\/pages\/605\/page\/2\/'>&rsaquo;<\/a><a href='https:\/\/cifil.fr\/index.php\/wp-json\/wp\/v2\/pages\/605\/page\/46\/'>&raquo;<\/a><\/nav>\n<\/div><\/div>\n","protected":false},"excerpt":{"rendered":"","protected":false},"author":1,"featured_media":0,"parent":0,"menu_order":0,"comment_status":"closed","ping_status":"closed","template":"","meta":[],"_links":{"self":[{"href":"https:\/\/cifil.fr\/index.php\/wp-json\/wp\/v2\/pages\/605"}],"collection":[{"href":"https:\/\/cifil.fr\/index.php\/wp-json\/wp\/v2\/pages"}],"about":[{"href":"https:\/\/cifil.fr\/index.php\/wp-json\/wp\/v2\/types\/page"}],"author":[{"embeddable":true,"href":"https:\/\/cifil.fr\/index.php\/wp-json\/wp\/v2\/users\/1"}],"replies":[{"embeddable":true,"href":"https:\/\/cifil.fr\/index.php\/wp-json\/wp\/v2\/comments?post=605"}],"version-history":[{"count":7,"href":"https:\/\/cifil.fr\/index.php\/wp-json\/wp\/v2\/pages\/605\/revisions"}],"predecessor-version":[{"id":826,"href":"https:\/\/cifil.fr\/index.php\/wp-json\/wp\/v2\/pages\/605\/revisions\/826"}],"wp:attachment":[{"href":"https:\/\/cifil.fr\/index.php\/wp-json\/wp\/v2\/media?parent=605"}],"curies":[{"name":"wp","href":"https:\/\/api.w.org\/{rel}","templated":true}]}}

Actualités

<div class="flex_column av_one_full  flex_column_div av-zero-column-padding first  avia-builder-el-0  el_before_av_blog  avia-builder-el-first  " style='border-radius:0px; '></div>
<div  data-autoplay=''  data-interval='5'  data-animation='fade'  data-show_slide_delay='90'  class='avia-content-slider avia-content-grid-active avia-content-slider1 avia-content-slider-odd  avia-builder-el-1  el_after_av_one_full  avia-builder-el-last   '  itemscope="itemscope" itemtype="https://schema.org/Blog" ><div class='avia-content-slider-inner'><div class='slide-entry-wrap'><article class='slide-entry flex_column  post-entry post-entry-1791 slide-entry-overview slide-loop-1 slide-parity-odd  av_one_third first real-thumbnail'  itemscope="itemscope" itemtype="https://schema.org/BlogPosting" itemprop="blogPost" ><a href='https://cifil.fr/index.php/2021/10/28/ouverture-prochaine-de-notre-agence-du-forez/' data-rel='slide-1' class='slide-image' title=''><img width="495" height="400" src="https://cifil.fr/wp-content/uploads/2021/10/Campagne-495x400.jpg" class="attachment-portfolio size-portfolio wp-post-image" alt="" loading="lazy" srcset="https://cifil.fr/wp-content/uploads/2021/10/Campagne-495x400.jpg 495w, https://cifil.fr/wp-content/uploads/2021/10/Campagne-845x684.jpg 845w" sizes="(max-width: 495px) 100vw, 495px" /></a><div class='slide-content'><header class="entry-content-header"><span class="blog-categories minor-meta"><a href="https://cifil.fr/index.php/category/actualites/" rel="tag">Actualités</a> </span><h3 class='slide-entry-title entry-title '  itemprop="headline" ><a href='https://cifil.fr/index.php/2021/10/28/ouverture-prochaine-de-notre-agence-du-forez/' title='Ouverture prochaine de notre agence du Forez !'>Ouverture prochaine de notre agence du Forez !</a></h3><span class="av-vertical-delimiter"></span></header><div class='slide-entry-excerpt entry-content'  itemprop="text" >
CIFIL est heureux de vous annoncer l'ouverture prochaine de ses nouveau locaux.



Pour compléter les différentes agences, nous serons en Novembre dans le Forez. En effet, c'est dans la commune de Poncins que des nouveaux bureaux prendront…</div></div><footer class="entry-footer"><div class='slide-meta'><div class='slide-meta-comments'><a href='https://cifil.fr/index.php/2021/10/28/ouverture-prochaine-de-notre-agence-du-forez/#comments'>442 Commentaires</a></div><div class='slide-meta-del'>/</div><time class='slide-meta-time updated'  itemprop="datePublished" datetime="2021-10-28T22:32:06+02:00" >28 octobre 2021</time></div></footer><span class='hidden'>
			<span class='av-structured-data'  itemprop="image" itemscope="itemscope" itemtype="https://schema.org/ImageObject"  itemprop='image'>
					   <span itemprop='url' >https://cifil.fr/wp-content/uploads/2021/10/Campagne.jpg</span>
					   <span itemprop='height' >1812</span>
					   <span itemprop='width' >2222</span>
				  </span><span class='av-structured-data'  itemprop="publisher" itemtype="https://schema.org/Organization" itemscope="itemscope" >
				<span itemprop='name'>Maxime</span>
				<span itemprop='logo' itemscope itemtype='https://schema.org/ImageObject'>
				   <span itemprop='url'>https://cifil.fr/wp-content/uploads/2020/09/Logo-off-CIFIL-min-300x298.png</span>
				 </span>
			  </span><span class='av-structured-data'  itemprop="author" itemscope="itemscope" itemtype="https://schema.org/Person" ><span itemprop='name'>Maxime</span></span><span class='av-structured-data'  itemprop="datePublished" datetime="2021-09-10T00:15:17+02:00" >2021-10-28 22:32:06</span><span class='av-structured-data'  itemprop="dateModified" itemtype="https://schema.org/dateModified" >2021-10-28 22:32:17</span><span class='av-structured-data'  itemprop="mainEntityOfPage" itemtype="https://schema.org/mainEntityOfPage" ><span itemprop='name'>Ouverture prochaine de notre agence du Forez !</span></span></span></article><article class='slide-entry flex_column  post-entry post-entry-1783 slide-entry-overview slide-loop-2 slide-parity-even  av_one_third  real-thumbnail'  itemscope="itemscope" itemtype="https://schema.org/BlogPosting" itemprop="blogPost" ><a href='https://cifil.fr/index.php/2021/09/11/immobilier-lancien-connait-toujours-une-forte-hausse-des-prix/' data-rel='slide-1' class='slide-image' title=''><img width="495" height="400" src="https://cifil.fr/wp-content/uploads/2021/09/Immobilier-lancien-connaît-toujours-une-forte-hausse-des-prix-min-495x400.jpg" class="attachment-portfolio size-portfolio wp-post-image" alt="" loading="lazy" srcset="https://cifil.fr/wp-content/uploads/2021/09/Immobilier-lancien-connaît-toujours-une-forte-hausse-des-prix-min-495x400.jpg 495w, https://cifil.fr/wp-content/uploads/2021/09/Immobilier-lancien-connaît-toujours-une-forte-hausse-des-prix-min-845x684.jpg 845w" sizes="(max-width: 495px) 100vw, 495px" /></a><div class='slide-content'><header class="entry-content-header"><span class="blog-categories minor-meta"><a href="https://cifil.fr/index.php/category/actualites/" rel="tag">Actualités</a> </span><h3 class='slide-entry-title entry-title '  itemprop="headline" ><a href='https://cifil.fr/index.php/2021/09/11/immobilier-lancien-connait-toujours-une-forte-hausse-des-prix/' title='Immobilier : l’ancien connaît toujours une forte hausse des prix'>Immobilier : l’ancien connaît toujours une forte hausse des prix</a></h3><span class="av-vertical-delimiter"></span></header><div class='slide-entry-excerpt entry-content'  itemprop="text" >








L’Insee et les notaires ont publié les derniers chiffres relatifs au prix de l’immobilier. Les prix des logements anciens en France ont continué d’augmenter nettement (+5,9 % sur un an) au cours du deuxième trimestre 2021.



Le…</div></div><footer class="entry-footer"><div class='slide-meta'><time class='slide-meta-time updated'  itemprop="datePublished" datetime="2021-09-11T14:39:30+02:00" >11 septembre 2021</time></div></footer><span class='hidden'>
			<span class='av-structured-data'  itemprop="image" itemscope="itemscope" itemtype="https://schema.org/ImageObject"  itemprop='image'>
					   <span itemprop='url' >https://cifil.fr/wp-content/uploads/2021/09/Immobilier-lancien-connaît-toujours-une-forte-hausse-des-prix-min.jpg</span>
					   <span itemprop='height' >1812</span>
					   <span itemprop='width' >2222</span>
				  </span><span class='av-structured-data'  itemprop="publisher" itemtype="https://schema.org/Organization" itemscope="itemscope" >
				<span itemprop='name'>Maxime</span>
				<span itemprop='logo' itemscope itemtype='https://schema.org/ImageObject'>
				   <span itemprop='url'>https://cifil.fr/wp-content/uploads/2020/09/Logo-off-CIFIL-min-300x298.png</span>
				 </span>
			  </span><span class='av-structured-data'  itemprop="author" itemscope="itemscope" itemtype="https://schema.org/Person" ><span itemprop='name'>Maxime</span></span><span class='av-structured-data'  itemprop="datePublished" datetime="2021-09-10T00:15:17+02:00" >2021-09-11 14:39:30</span><span class='av-structured-data'  itemprop="dateModified" itemtype="https://schema.org/dateModified" >2026-02-21 17:32:37</span><span class='av-structured-data'  itemprop="mainEntityOfPage" itemtype="https://schema.org/mainEntityOfPage" ><span itemprop='name'>Immobilier : l’ancien connaît toujours une forte hausse des prix</span></span></span></article><article class='slide-entry flex_column  post-entry post-entry-1779 slide-entry-overview slide-loop-3 slide-parity-odd  post-entry-last  av_one_third  real-thumbnail'  itemscope="itemscope" itemtype="https://schema.org/BlogPosting" itemprop="blogPost" ><a href='https://cifil.fr/index.php/2021/09/10/immobilier-les-prix-augmentent-dans-les-grandes-villes-sauf-a-paris/' data-rel='slide-1' class='slide-image' title=''><img width="495" height="400" src="https://cifil.fr/wp-content/uploads/2021/09/Immobilier-les-prix-augmentent-dans-les-grandes-villes-sauf-à-Paris-495x400.jpg" class="attachment-portfolio size-portfolio wp-post-image" alt="" loading="lazy" srcset="https://cifil.fr/wp-content/uploads/2021/09/Immobilier-les-prix-augmentent-dans-les-grandes-villes-sauf-à-Paris-495x400.jpg 495w, https://cifil.fr/wp-content/uploads/2021/09/Immobilier-les-prix-augmentent-dans-les-grandes-villes-sauf-à-Paris-845x684.jpg 845w" sizes="(max-width: 495px) 100vw, 495px" /></a><div class='slide-content'><header class="entry-content-header"><span class="blog-categories minor-meta"><a href="https://cifil.fr/index.php/category/actualites/" rel="tag">Actualités</a> </span><h3 class='slide-entry-title entry-title '  itemprop="headline" ><a href='https://cifil.fr/index.php/2021/09/10/immobilier-les-prix-augmentent-dans-les-grandes-villes-sauf-a-paris/' title='Immobilier : les prix augmentent dans les grandes villes, sauf à Paris'>Immobilier : les prix augmentent dans les grandes villes, sauf à Paris</a></h3><span class="av-vertical-delimiter"></span></header><div class='slide-entry-excerpt entry-content'  itemprop="text" >




Les prix de l'immobilier progressent dans toute la France depuis un an, sauf à Paris. Quasiment tous les arrondissements sont touchés par la baisse. Les vendeurs doivent aussi davantage négocier le prix de leur bien.&nbsp;



Les prix…</div></div><footer class="entry-footer"><div class='slide-meta'><div class='slide-meta-comments'><a href='https://cifil.fr/index.php/2021/09/10/immobilier-les-prix-augmentent-dans-les-grandes-villes-sauf-a-paris/#comments'>5 Commentaires</a></div><div class='slide-meta-del'>/</div><time class='slide-meta-time updated'  itemprop="datePublished" datetime="2021-09-10T00:15:17+02:00" >10 septembre 2021</time></div></footer><span class='hidden'>
			<span class='av-structured-data'  itemprop="image" itemscope="itemscope" itemtype="https://schema.org/ImageObject"  itemprop='image'>
					   <span itemprop='url' >https://cifil.fr/wp-content/uploads/2021/09/Immobilier-les-prix-augmentent-dans-les-grandes-villes-sauf-à-Paris.jpg</span>
					   <span itemprop='height' >1812</span>
					   <span itemprop='width' >2222</span>
				  </span><span class='av-structured-data'  itemprop="publisher" itemtype="https://schema.org/Organization" itemscope="itemscope" >
				<span itemprop='name'>Maxime</span>
				<span itemprop='logo' itemscope itemtype='https://schema.org/ImageObject'>
				   <span itemprop='url'>https://cifil.fr/wp-content/uploads/2020/09/Logo-off-CIFIL-min-300x298.png</span>
				 </span>
			  </span><span class='av-structured-data'  itemprop="author" itemscope="itemscope" itemtype="https://schema.org/Person" ><span itemprop='name'>Maxime</span></span><span class='av-structured-data'  itemprop="datePublished" datetime="2021-09-10T00:15:17+02:00" >2021-09-10 00:15:17</span><span class='av-structured-data'  itemprop="dateModified" itemtype="https://schema.org/dateModified" >2021-09-10 00:18:13</span><span class='av-structured-data'  itemprop="mainEntityOfPage" itemtype="https://schema.org/mainEntityOfPage" ><span itemprop='name'>Immobilier : les prix augmentent dans les grandes villes, sauf à Paris</span></span></span></article></div></div><div class='pagination-wrap pagination-slider'><nav class='pagination'><span class='pagination-meta'>Page 1 sur 46</span><span class='current'>1</span><a href='https://cifil.fr/index.php/wp-json/wp/v2/pages/605/page/2/' class='inactive next_page' >2</a><a href='https://cifil.fr/index.php/wp-json/wp/v2/pages/605/page/3/' class='inactive' >3</a><a href='https://cifil.fr/index.php/wp-json/wp/v2/pages/605/page/2/'>&rsaquo;</a><a href='https://cifil.fr/index.php/wp-json/wp/v2/pages/605/page/46/'>&raquo;</a></nav>
</div></div>
